{"id":26,"date":"2025-06-30T10:07:07","date_gmt":"2025-06-30T08:07:07","guid":{"rendered":"http:\/\/cpsanjuandelacadena.educacion.navarra.es\/web\/2011\/06\/05\/consejo-escolar\/"},"modified":"2026-01-19T13:41:08","modified_gmt":"2026-01-19T12:41:08","slug":"consejo-escolar","status":"publish","type":"page","link":"https:\/\/cpsanjuandelacadena.educacion.navarra.es\/web\/consejo-escolar\/","title":{"rendered":"Consejo Escolar"},"content":{"rendered":"<p>El Consejo Escolar es el principal \u00f3rgano de participaci\u00f3n de los diferentes sectores de la comunidad educativa en el funcionamiento del centro.<br \/>\nSu composici\u00f3n es la siguiente:<br \/>\n<strong>Miembros del equipo directivo<\/strong>: Ana Cienfuegos, Laura Burguera, Idoya Gil<br \/>\n<strong>Representantes familias<\/strong>: Daniel Lana, Fernando Ma\u00f1eru, Guillermo Herrero y Sara Garc\u00eda<br \/>\n<strong>Representante APYMA<\/strong>: Idoia San Mart\u00edn<br \/>\n<strong>Representante personal no docente<\/strong>: Ana Ardanaz Pena<br \/>\n<strong>Representantes profesorado<\/strong>:\u00a0 Maribel Lizarraga, Alicia Pena, Mar\u00eda Landa, Maitane Arregui e Irache Rita Fern\u00e1ndez<\/p>\n","protected":false},"excerpt":{"rendered":"<p>El Consejo Escolar es el principal \u00f3rgano de participaci\u00f3n de los diferentes sectores de la comunidad educativa en el funcionamiento del centro. Su composici\u00f3n es la siguiente: Miembros del equipo directivo: Ana Cienfuegos, Laura Burguera, Idoya Gil Representantes familias: Daniel Lana, Fernando Ma\u00f1eru, Guillermo Herrero y Sara Garc\u00eda Representante APYMA: Idoia San Mart\u00edn Representante personal [&hellip;]<\/p>\n","protected":false},"author":1,"featured_media":0,"parent":0,"menu_order":22,"comment_status":"closed","ping_status":"closed","template":"","meta":{"_genesis_hide_title":false,"_genesis_hide_breadcrumbs":false,"_genesis_hide_singular_image":false,"_genesis_hide_footer_widgets":false,"_genesis_custom_body_class":"","_genesis_custom_post_class":"","_genesis_layout":""},"yoast_head":"<!-- This site is optimized with the Yoast SEO plugin v19.13 - https:\/\/yoast.com\/wordpress\/plugins\/seo\/ -->\n<title>Consejo Escolar - CP San Juan de la Cadena - Pamplona<\/title>\n<meta name=\"robots\" content=\"index, follow, max-snippet:-1, max-image-preview:large, max-video-preview:-1\" \/>\n<link rel=\"canonical\" href=\"https:\/\/cpsanjuandelacadena.educacion.navarra.es\/web\/consejo-escolar\/\" \/>\n<meta property=\"og:locale\" content=\"es_ES\" \/>\n<meta property=\"og:type\" content=\"article\" \/>\n<meta property=\"og:title\" content=\"Consejo Escolar - CP San Juan de la Cadena - Pamplona\" \/>\n<meta property=\"og:description\" content=\"El Consejo Escolar es el principal \u00f3rgano de participaci\u00f3n de los diferentes sectores de la comunidad educativa en el funcionamiento del centro. Su composici\u00f3n es la siguiente: Miembros del equipo directivo: Ana Cienfuegos, Laura Burguera, Idoya Gil Representantes familias: Daniel Lana, Fernando Ma\u00f1eru, Guillermo Herrero y Sara Garc\u00eda Representante APYMA: Idoia San Mart\u00edn Representante personal [&hellip;]\" \/>\n<meta property=\"og:url\" content=\"https:\/\/cpsanjuandelacadena.educacion.navarra.es\/web\/consejo-escolar\/\" \/>\n<meta property=\"og:site_name\" content=\"CP San Juan de la Cadena - Pamplona\" \/>\n<meta property=\"article:modified_time\" content=\"2026-01-19T12:41:08+00:00\" \/>\n<meta name=\"twitter:card\" content=\"summary_large_image\" \/>\n<meta name=\"twitter:label1\" content=\"Tiempo de lectura\" \/>\n\t<meta name=\"twitter:data1\" content=\"1 minuto\" \/>\n<script type=\"application\/ld+json\" class=\"yoast-schema-graph\">{\"@context\":\"https:\/\/schema.org\",\"@graph\":[{\"@type\":\"WebPage\",\"@id\":\"https:\/\/cpsanjuandelacadena.educacion.navarra.es\/web\/consejo-escolar\/\",\"url\":\"https:\/\/cpsanjuandelacadena.educacion.navarra.es\/web\/consejo-escolar\/\",\"name\":\"Consejo Escolar - CP San Juan de la Cadena - Pamplona\",\"isPartOf\":{\"@id\":\"https:\/\/cpsanjuandelacadena.educacion.navarra.es\/web\/#website\"},\"datePublished\":\"2025-06-30T08:07:07+00:00\",\"dateModified\":\"2026-01-19T12:41:08+00:00\",\"breadcrumb\":{\"@id\":\"https:\/\/cpsanjuandelacadena.educacion.navarra.es\/web\/consejo-escolar\/#breadcrumb\"},\"inLanguage\":\"es\",\"potentialAction\":[{\"@type\":\"ReadAction\",\"target\":[\"https:\/\/cpsanjuandelacadena.educacion.navarra.es\/web\/consejo-escolar\/\"]}]},{\"@type\":\"BreadcrumbList\",\"@id\":\"https:\/\/cpsanjuandelacadena.educacion.navarra.es\/web\/consejo-escolar\/#breadcrumb\",\"itemListElement\":[{\"@type\":\"ListItem\",\"position\":1,\"name\":\"Home\",\"item\":\"https:\/\/cpsanjuandelacadena.educacion.navarra.es\/web\/\"},{\"@type\":\"ListItem\",\"position\":2,\"name\":\"Consejo Escolar\"}]},{\"@type\":\"WebSite\",\"@id\":\"https:\/\/cpsanjuandelacadena.educacion.navarra.es\/web\/#website\",\"url\":\"https:\/\/cpsanjuandelacadena.educacion.navarra.es\/web\/\",\"name\":\"CP San Juan de la Cadena - Pamplona\",\"description\":\"Sitio web del CP San Juan de la Cadena\",\"potentialAction\":[{\"@type\":\"SearchAction\",\"target\":{\"@type\":\"EntryPoint\",\"urlTemplate\":\"https:\/\/cpsanjuandelacadena.educacion.navarra.es\/web\/?s={search_term_string}\"},\"query-input\":\"required name=search_term_string\"}],\"inLanguage\":\"es\"}]}<\/script>\n<!-- \/ Yoast SEO plugin. -->","yoast_head_json":{"title":"Consejo Escolar - CP San Juan de la Cadena - Pamplona","robots":{"index":"index","follow":"follow","max-snippet":"max-snippet:-1","max-image-preview":"max-image-preview:large","max-video-preview":"max-video-preview:-1"},"canonical":"https:\/\/cpsanjuandelacadena.educacion.navarra.es\/web\/consejo-escolar\/","og_locale":"es_ES","og_type":"article","og_title":"Consejo Escolar - CP San Juan de la Cadena - Pamplona","og_description":"El Consejo Escolar es el principal \u00f3rgano de participaci\u00f3n de los diferentes sectores de la comunidad educativa en el funcionamiento del centro. Su composici\u00f3n es la siguiente: Miembros del equipo directivo: Ana Cienfuegos, Laura Burguera, Idoya Gil Representantes familias: Daniel Lana, Fernando Ma\u00f1eru, Guillermo Herrero y Sara Garc\u00eda Representante APYMA: Idoia San Mart\u00edn Representante personal [&hellip;]","og_url":"https:\/\/cpsanjuandelacadena.educacion.navarra.es\/web\/consejo-escolar\/","og_site_name":"CP San Juan de la Cadena - Pamplona","article_modified_time":"2026-01-19T12:41:08+00:00","twitter_card":"summary_large_image","twitter_misc":{"Tiempo de lectura":"1 minuto"},"schema":{"@context":"https:\/\/schema.org","@graph":[{"@type":"WebPage","@id":"https:\/\/cpsanjuandelacadena.educacion.navarra.es\/web\/consejo-escolar\/","url":"https:\/\/cpsanjuandelacadena.educacion.navarra.es\/web\/consejo-escolar\/","name":"Consejo Escolar - CP San Juan de la Cadena - Pamplona","isPartOf":{"@id":"https:\/\/cpsanjuandelacadena.educacion.navarra.es\/web\/#website"},"datePublished":"2025-06-30T08:07:07+00:00","dateModified":"2026-01-19T12:41:08+00:00","breadcrumb":{"@id":"https:\/\/cpsanjuandelacadena.educacion.navarra.es\/web\/consejo-escolar\/#breadcrumb"},"inLanguage":"es","potentialAction":[{"@type":"ReadAction","target":["https:\/\/cpsanjuandelacadena.educacion.navarra.es\/web\/consejo-escolar\/"]}]},{"@type":"BreadcrumbList","@id":"https:\/\/cpsanjuandelacadena.educacion.navarra.es\/web\/consejo-escolar\/#breadcrumb","itemListElement":[{"@type":"ListItem","position":1,"name":"Home","item":"https:\/\/cpsanjuandelacadena.educacion.navarra.es\/web\/"},{"@type":"ListItem","position":2,"name":"Consejo Escolar"}]},{"@type":"WebSite","@id":"https:\/\/cpsanjuandelacadena.educacion.navarra.es\/web\/#website","url":"https:\/\/cpsanjuandelacadena.educacion.navarra.es\/web\/","name":"CP San Juan de la Cadena - Pamplona","description":"Sitio web del CP San Juan de la Cadena","potentialAction":[{"@type":"SearchAction","target":{"@type":"EntryPoint","urlTemplate":"https:\/\/cpsanjuandelacadena.educacion.navarra.es\/web\/?s={search_term_string}"},"query-input":"required name=search_term_string"}],"inLanguage":"es"}]}},"_links":{"self":[{"href":"https:\/\/cpsanjuandelacadena.educacion.navarra.es\/web\/wp-json\/wp\/v2\/pages\/26"}],"collection":[{"href":"https:\/\/cpsanjuandelacadena.educacion.navarra.es\/web\/wp-json\/wp\/v2\/pages"}],"about":[{"href":"https:\/\/cpsanjuandelacadena.educacion.navarra.es\/web\/wp-json\/wp\/v2\/types\/page"}],"author":[{"embeddable":true,"href":"https:\/\/cpsanjuandelacadena.educacion.navarra.es\/web\/wp-json\/wp\/v2\/users\/1"}],"replies":[{"embeddable":true,"href":"https:\/\/cpsanjuandelacadena.educacion.navarra.es\/web\/wp-json\/wp\/v2\/comments?post=26"}],"version-history":[{"count":0,"href":"https:\/\/cpsanjuandelacadena.educacion.navarra.es\/web\/wp-json\/wp\/v2\/pages\/26\/revisions"}],"wp:attachment":[{"href":"https:\/\/cpsanjuandelacadena.educacion.navarra.es\/web\/wp-json\/wp\/v2\/media?parent=26"}],"curies":[{"name":"wp","href":"https:\/\/api.w.org\/{rel}","templated":true}]}}