{"id":1877,"date":"2018-10-29T00:03:36","date_gmt":"2018-10-28T23:03:36","guid":{"rendered":"https:\/\/cpsanjuandelacadena.educacion.navarra.es\/web\/?page_id=1877"},"modified":"2018-11-01T20:04:08","modified_gmt":"2018-11-01T19:04:08","slug":"didacticamente","status":"publish","type":"page","link":"https:\/\/cpsanjuandelacadena.educacion.navarra.es\/web\/didacticamente\/","title":{"rendered":"Qu\u00e9 nos aporta did\u00e1cticamente"},"content":{"rendered":"<p>&#8211; Es una t\u00e9cnica muy atractiva de narraci\u00f3n oral con la que disfrutan los ni\u00f1os en grupo.<\/p>\n<p>&#8211; Anima a la lectura, y de forma especial a escribir cuentos.<\/p>\n<p>&#8211; Compromete a los participantes en el taller a crear su kamishibai trabajando en equipo y a interpretar\/leer en p\u00fablico, asumiendo con responsabilidad los compromisos adquiridos.<\/p>\n<p>&#8211; Inicia a nuestros alumnos a hacer interpretaciones en p\u00fablico fortaleciendo su seguridad en la expresi\u00f3n oral.<\/p>\n<p>&#8211; Facilita que nuestro alumnado desarrollen el inter\u00e9s y conocimiento de otras culturas, principalmente de la de Jap\u00f3n.<\/p>\n<p>&#8211; Se desarrolla entre el alumnado de los distintos niveles una interacci\u00f3n muy satisfactoria y enriquecedora para todos. Alumnado mayor interpretan kamishibais ante sus compa\u00f1eros\/as m\u00e1s peque\u00f1os lo que les supone una motivaci\u00f3n especial a ambos.<\/p>\n<p>Y adem\u00e1s, tanto entre los miembros del taller como entre sus familiares y amigos, se fomenta el sentido de pertenencia al centro al convertirse en el referente de una actividad creativa que consideran propia y de su colegio y que, incluso, tiene repercusiones fuera del centro.<\/p>\n","protected":false},"excerpt":{"rendered":"<p>&#8211; Es una t\u00e9cnica muy atractiva de narraci\u00f3n oral con la que disfrutan los ni\u00f1os en grupo. &#8211; Anima a la lectura, y de forma especial a escribir cuentos. &#8211; Compromete a los participantes en el taller a crear su kamishibai trabajando en equipo y a interpretar\/leer en p\u00fablico, asumiendo con responsabilidad los compromisos adquiridos. [&hellip;]<\/p>\n","protected":false},"author":1,"featured_media":0,"parent":0,"menu_order":0,"comment_status":"closed","ping_status":"closed","template":"","meta":{"_genesis_hide_title":false,"_genesis_hide_breadcrumbs":false,"_genesis_hide_singular_image":false,"_genesis_hide_footer_widgets":false,"_genesis_custom_body_class":"","_genesis_custom_post_class":"","_genesis_layout":""},"yoast_head":"<!-- This site is optimized with the Yoast SEO plugin v19.13 - https:\/\/yoast.com\/wordpress\/plugins\/seo\/ -->\n<title>Qu\u00e9 nos aporta did\u00e1cticamente - CP San Juan de la Cadena - Pamplona<\/title>\n<meta name=\"robots\" content=\"index, follow, max-snippet:-1, max-image-preview:large, max-video-preview:-1\" \/>\n<link rel=\"canonical\" href=\"https:\/\/cpsanjuandelacadena.educacion.navarra.es\/web\/didacticamente\/\" \/>\n<meta property=\"og:locale\" content=\"es_ES\" \/>\n<meta property=\"og:type\" content=\"article\" \/>\n<meta property=\"og:title\" content=\"Qu\u00e9 nos aporta did\u00e1cticamente - CP San Juan de la Cadena - Pamplona\" \/>\n<meta property=\"og:description\" content=\"&#8211; Es una t\u00e9cnica muy atractiva de narraci\u00f3n oral con la que disfrutan los ni\u00f1os en grupo. &#8211; Anima a la lectura, y de forma especial a escribir cuentos. &#8211; Compromete a los participantes en el taller a crear su kamishibai trabajando en equipo y a interpretar\/leer en p\u00fablico, asumiendo con responsabilidad los compromisos adquiridos. [&hellip;]\" \/>\n<meta property=\"og:url\" content=\"https:\/\/cpsanjuandelacadena.educacion.navarra.es\/web\/didacticamente\/\" \/>\n<meta property=\"og:site_name\" content=\"CP San Juan de la Cadena - Pamplona\" \/>\n<meta property=\"article:modified_time\" content=\"2018-11-01T19:04:08+00:00\" \/>\n<meta name=\"twitter:card\" content=\"summary_large_image\" \/>\n<meta name=\"twitter:label1\" content=\"Tiempo de lectura\" \/>\n\t<meta name=\"twitter:data1\" content=\"1 minuto\" \/>\n<script type=\"application\/ld+json\" class=\"yoast-schema-graph\">{\"@context\":\"https:\/\/schema.org\",\"@graph\":[{\"@type\":\"WebPage\",\"@id\":\"https:\/\/cpsanjuandelacadena.educacion.navarra.es\/web\/didacticamente\/\",\"url\":\"https:\/\/cpsanjuandelacadena.educacion.navarra.es\/web\/didacticamente\/\",\"name\":\"Qu\u00e9 nos aporta did\u00e1cticamente - CP San Juan de la Cadena - Pamplona\",\"isPartOf\":{\"@id\":\"https:\/\/cpsanjuandelacadena.educacion.navarra.es\/web\/#website\"},\"datePublished\":\"2018-10-28T23:03:36+00:00\",\"dateModified\":\"2018-11-01T19:04:08+00:00\",\"breadcrumb\":{\"@id\":\"https:\/\/cpsanjuandelacadena.educacion.navarra.es\/web\/didacticamente\/#breadcrumb\"},\"inLanguage\":\"es\",\"potentialAction\":[{\"@type\":\"ReadAction\",\"target\":[\"https:\/\/cpsanjuandelacadena.educacion.navarra.es\/web\/didacticamente\/\"]}]},{\"@type\":\"BreadcrumbList\",\"@id\":\"https:\/\/cpsanjuandelacadena.educacion.navarra.es\/web\/didacticamente\/#breadcrumb\",\"itemListElement\":[{\"@type\":\"ListItem\",\"position\":1,\"name\":\"Home\",\"item\":\"https:\/\/cpsanjuandelacadena.educacion.navarra.es\/web\/\"},{\"@type\":\"ListItem\",\"position\":2,\"name\":\"Qu\u00e9 nos aporta did\u00e1cticamente\"}]},{\"@type\":\"WebSite\",\"@id\":\"https:\/\/cpsanjuandelacadena.educacion.navarra.es\/web\/#website\",\"url\":\"https:\/\/cpsanjuandelacadena.educacion.navarra.es\/web\/\",\"name\":\"CP San Juan de la Cadena - Pamplona\",\"description\":\"Sitio web del CP San Juan de la Cadena\",\"potentialAction\":[{\"@type\":\"SearchAction\",\"target\":{\"@type\":\"EntryPoint\",\"urlTemplate\":\"https:\/\/cpsanjuandelacadena.educacion.navarra.es\/web\/?s={search_term_string}\"},\"query-input\":\"required name=search_term_string\"}],\"inLanguage\":\"es\"}]}<\/script>\n<!-- \/ Yoast SEO plugin. -->","yoast_head_json":{"title":"Qu\u00e9 nos aporta did\u00e1cticamente - CP San Juan de la Cadena - Pamplona","robots":{"index":"index","follow":"follow","max-snippet":"max-snippet:-1","max-image-preview":"max-image-preview:large","max-video-preview":"max-video-preview:-1"},"canonical":"https:\/\/cpsanjuandelacadena.educacion.navarra.es\/web\/didacticamente\/","og_locale":"es_ES","og_type":"article","og_title":"Qu\u00e9 nos aporta did\u00e1cticamente - CP San Juan de la Cadena - Pamplona","og_description":"&#8211; Es una t\u00e9cnica muy atractiva de narraci\u00f3n oral con la que disfrutan los ni\u00f1os en grupo. &#8211; Anima a la lectura, y de forma especial a escribir cuentos. &#8211; Compromete a los participantes en el taller a crear su kamishibai trabajando en equipo y a interpretar\/leer en p\u00fablico, asumiendo con responsabilidad los compromisos adquiridos. [&hellip;]","og_url":"https:\/\/cpsanjuandelacadena.educacion.navarra.es\/web\/didacticamente\/","og_site_name":"CP San Juan de la Cadena - Pamplona","article_modified_time":"2018-11-01T19:04:08+00:00","twitter_card":"summary_large_image","twitter_misc":{"Tiempo de lectura":"1 minuto"},"schema":{"@context":"https:\/\/schema.org","@graph":[{"@type":"WebPage","@id":"https:\/\/cpsanjuandelacadena.educacion.navarra.es\/web\/didacticamente\/","url":"https:\/\/cpsanjuandelacadena.educacion.navarra.es\/web\/didacticamente\/","name":"Qu\u00e9 nos aporta did\u00e1cticamente - CP San Juan de la Cadena - Pamplona","isPartOf":{"@id":"https:\/\/cpsanjuandelacadena.educacion.navarra.es\/web\/#website"},"datePublished":"2018-10-28T23:03:36+00:00","dateModified":"2018-11-01T19:04:08+00:00","breadcrumb":{"@id":"https:\/\/cpsanjuandelacadena.educacion.navarra.es\/web\/didacticamente\/#breadcrumb"},"inLanguage":"es","potentialAction":[{"@type":"ReadAction","target":["https:\/\/cpsanjuandelacadena.educacion.navarra.es\/web\/didacticamente\/"]}]},{"@type":"BreadcrumbList","@id":"https:\/\/cpsanjuandelacadena.educacion.navarra.es\/web\/didacticamente\/#breadcrumb","itemListElement":[{"@type":"ListItem","position":1,"name":"Home","item":"https:\/\/cpsanjuandelacadena.educacion.navarra.es\/web\/"},{"@type":"ListItem","position":2,"name":"Qu\u00e9 nos aporta did\u00e1cticamente"}]},{"@type":"WebSite","@id":"https:\/\/cpsanjuandelacadena.educacion.navarra.es\/web\/#website","url":"https:\/\/cpsanjuandelacadena.educacion.navarra.es\/web\/","name":"CP San Juan de la Cadena - Pamplona","description":"Sitio web del CP San Juan de la Cadena","potentialAction":[{"@type":"SearchAction","target":{"@type":"EntryPoint","urlTemplate":"https:\/\/cpsanjuandelacadena.educacion.navarra.es\/web\/?s={search_term_string}"},"query-input":"required name=search_term_string"}],"inLanguage":"es"}]}},"_links":{"self":[{"href":"https:\/\/cpsanjuandelacadena.educacion.navarra.es\/web\/wp-json\/wp\/v2\/pages\/1877"}],"collection":[{"href":"https:\/\/cpsanjuandelacadena.educacion.navarra.es\/web\/wp-json\/wp\/v2\/pages"}],"about":[{"href":"https:\/\/cpsanjuandelacadena.educacion.navarra.es\/web\/wp-json\/wp\/v2\/types\/page"}],"author":[{"embeddable":true,"href":"https:\/\/cpsanjuandelacadena.educacion.navarra.es\/web\/wp-json\/wp\/v2\/users\/1"}],"replies":[{"embeddable":true,"href":"https:\/\/cpsanjuandelacadena.educacion.navarra.es\/web\/wp-json\/wp\/v2\/comments?post=1877"}],"version-history":[{"count":0,"href":"https:\/\/cpsanjuandelacadena.educacion.navarra.es\/web\/wp-json\/wp\/v2\/pages\/1877\/revisions"}],"wp:attachment":[{"href":"https:\/\/cpsanjuandelacadena.educacion.navarra.es\/web\/wp-json\/wp\/v2\/media?parent=1877"}],"curies":[{"name":"wp","href":"https:\/\/api.w.org\/{rel}","templated":true}]}}