{"id":1862,"date":"2018-10-28T22:53:25","date_gmt":"2018-10-28T21:53:25","guid":{"rendered":"https:\/\/cpsanjuandelacadena.educacion.navarra.es\/web\/?page_id=1862"},"modified":"2018-10-28T22:53:25","modified_gmt":"2018-10-28T21:53:25","slug":"el-kamishibai-en-el-colegio","status":"publish","type":"page","link":"https:\/\/cpsanjuandelacadena.educacion.navarra.es\/web\/el-kamishibai-en-el-colegio\/","title":{"rendered":"El Kamishibai en el colegio"},"content":{"rendered":"<p>Conocido el kamishibai en 2002, se introdujo en nuestro centro como elemento l\u00fadico, disfrute de las narraciones, pero pronto descubrimos en \u00e9l su gran potencial educativo.<\/p>\n<p>En el colegio se est\u00e1 trabajando el kamishibai a dos niveles:<br \/>\n&#8211; Como una t\u00e9cnica m\u00e1s de narraci\u00f3n oral, dirigida al alumnado tanto de Infantil como de Primaria. Lo presentan unas veces las profesoras y otras los alumnos del Taller de Kamishibai.<br \/>\n&#8211; Como Taller de Kamishibai<\/p>\n","protected":false},"excerpt":{"rendered":"<p>Conocido el kamishibai en 2002, se introdujo en nuestro centro como elemento l\u00fadico, disfrute de las narraciones, pero pronto descubrimos en \u00e9l su gran potencial educativo. En el colegio se est\u00e1 trabajando el kamishibai a dos niveles: &#8211; Como una t\u00e9cnica m\u00e1s de narraci\u00f3n oral, dirigida al alumnado tanto de Infantil como de Primaria. Lo [&hellip;]<\/p>\n","protected":false},"author":1,"featured_media":0,"parent":0,"menu_order":0,"comment_status":"closed","ping_status":"closed","template":"","meta":{"_genesis_hide_title":false,"_genesis_hide_breadcrumbs":false,"_genesis_hide_singular_image":false,"_genesis_hide_footer_widgets":false,"_genesis_custom_body_class":"","_genesis_custom_post_class":"","_genesis_layout":""},"yoast_head":"<!-- This site is optimized with the Yoast SEO plugin v19.13 - https:\/\/yoast.com\/wordpress\/plugins\/seo\/ -->\n<title>El Kamishibai en el colegio - CP San Juan de la Cadena - Pamplona<\/title>\n<meta name=\"robots\" content=\"index, follow, max-snippet:-1, max-image-preview:large, max-video-preview:-1\" \/>\n<link rel=\"canonical\" href=\"https:\/\/cpsanjuandelacadena.educacion.navarra.es\/web\/el-kamishibai-en-el-colegio\/\" \/>\n<meta property=\"og:locale\" content=\"es_ES\" \/>\n<meta property=\"og:type\" content=\"article\" \/>\n<meta property=\"og:title\" content=\"El Kamishibai en el colegio - CP San Juan de la Cadena - Pamplona\" \/>\n<meta property=\"og:description\" content=\"Conocido el kamishibai en 2002, se introdujo en nuestro centro como elemento l\u00fadico, disfrute de las narraciones, pero pronto descubrimos en \u00e9l su gran potencial educativo. En el colegio se est\u00e1 trabajando el kamishibai a dos niveles: &#8211; Como una t\u00e9cnica m\u00e1s de narraci\u00f3n oral, dirigida al alumnado tanto de Infantil como de Primaria. Lo [&hellip;]\" \/>\n<meta property=\"og:url\" content=\"https:\/\/cpsanjuandelacadena.educacion.navarra.es\/web\/el-kamishibai-en-el-colegio\/\" \/>\n<meta property=\"og:site_name\" content=\"CP San Juan de la Cadena - Pamplona\" \/>\n<meta name=\"twitter:card\" content=\"summary_large_image\" \/>\n<script type=\"application\/ld+json\" class=\"yoast-schema-graph\">{\"@context\":\"https:\/\/schema.org\",\"@graph\":[{\"@type\":\"WebPage\",\"@id\":\"https:\/\/cpsanjuandelacadena.educacion.navarra.es\/web\/el-kamishibai-en-el-colegio\/\",\"url\":\"https:\/\/cpsanjuandelacadena.educacion.navarra.es\/web\/el-kamishibai-en-el-colegio\/\",\"name\":\"El Kamishibai en el colegio - CP San Juan de la Cadena - Pamplona\",\"isPartOf\":{\"@id\":\"https:\/\/cpsanjuandelacadena.educacion.navarra.es\/web\/#website\"},\"datePublished\":\"2018-10-28T21:53:25+00:00\",\"dateModified\":\"2018-10-28T21:53:25+00:00\",\"breadcrumb\":{\"@id\":\"https:\/\/cpsanjuandelacadena.educacion.navarra.es\/web\/el-kamishibai-en-el-colegio\/#breadcrumb\"},\"inLanguage\":\"es\",\"potentialAction\":[{\"@type\":\"ReadAction\",\"target\":[\"https:\/\/cpsanjuandelacadena.educacion.navarra.es\/web\/el-kamishibai-en-el-colegio\/\"]}]},{\"@type\":\"BreadcrumbList\",\"@id\":\"https:\/\/cpsanjuandelacadena.educacion.navarra.es\/web\/el-kamishibai-en-el-colegio\/#breadcrumb\",\"itemListElement\":[{\"@type\":\"ListItem\",\"position\":1,\"name\":\"Home\",\"item\":\"https:\/\/cpsanjuandelacadena.educacion.navarra.es\/web\/\"},{\"@type\":\"ListItem\",\"position\":2,\"name\":\"El Kamishibai en el colegio\"}]},{\"@type\":\"WebSite\",\"@id\":\"https:\/\/cpsanjuandelacadena.educacion.navarra.es\/web\/#website\",\"url\":\"https:\/\/cpsanjuandelacadena.educacion.navarra.es\/web\/\",\"name\":\"CP San Juan de la Cadena - Pamplona\",\"description\":\"Sitio web del CP San Juan de la Cadena\",\"potentialAction\":[{\"@type\":\"SearchAction\",\"target\":{\"@type\":\"EntryPoint\",\"urlTemplate\":\"https:\/\/cpsanjuandelacadena.educacion.navarra.es\/web\/?s={search_term_string}\"},\"query-input\":\"required name=search_term_string\"}],\"inLanguage\":\"es\"}]}<\/script>\n<!-- \/ Yoast SEO plugin. -->","yoast_head_json":{"title":"El Kamishibai en el colegio - CP San Juan de la Cadena - Pamplona","robots":{"index":"index","follow":"follow","max-snippet":"max-snippet:-1","max-image-preview":"max-image-preview:large","max-video-preview":"max-video-preview:-1"},"canonical":"https:\/\/cpsanjuandelacadena.educacion.navarra.es\/web\/el-kamishibai-en-el-colegio\/","og_locale":"es_ES","og_type":"article","og_title":"El Kamishibai en el colegio - CP San Juan de la Cadena - Pamplona","og_description":"Conocido el kamishibai en 2002, se introdujo en nuestro centro como elemento l\u00fadico, disfrute de las narraciones, pero pronto descubrimos en \u00e9l su gran potencial educativo. En el colegio se est\u00e1 trabajando el kamishibai a dos niveles: &#8211; Como una t\u00e9cnica m\u00e1s de narraci\u00f3n oral, dirigida al alumnado tanto de Infantil como de Primaria. Lo [&hellip;]","og_url":"https:\/\/cpsanjuandelacadena.educacion.navarra.es\/web\/el-kamishibai-en-el-colegio\/","og_site_name":"CP San Juan de la Cadena - Pamplona","twitter_card":"summary_large_image","schema":{"@context":"https:\/\/schema.org","@graph":[{"@type":"WebPage","@id":"https:\/\/cpsanjuandelacadena.educacion.navarra.es\/web\/el-kamishibai-en-el-colegio\/","url":"https:\/\/cpsanjuandelacadena.educacion.navarra.es\/web\/el-kamishibai-en-el-colegio\/","name":"El Kamishibai en el colegio - CP San Juan de la Cadena - Pamplona","isPartOf":{"@id":"https:\/\/cpsanjuandelacadena.educacion.navarra.es\/web\/#website"},"datePublished":"2018-10-28T21:53:25+00:00","dateModified":"2018-10-28T21:53:25+00:00","breadcrumb":{"@id":"https:\/\/cpsanjuandelacadena.educacion.navarra.es\/web\/el-kamishibai-en-el-colegio\/#breadcrumb"},"inLanguage":"es","potentialAction":[{"@type":"ReadAction","target":["https:\/\/cpsanjuandelacadena.educacion.navarra.es\/web\/el-kamishibai-en-el-colegio\/"]}]},{"@type":"BreadcrumbList","@id":"https:\/\/cpsanjuandelacadena.educacion.navarra.es\/web\/el-kamishibai-en-el-colegio\/#breadcrumb","itemListElement":[{"@type":"ListItem","position":1,"name":"Home","item":"https:\/\/cpsanjuandelacadena.educacion.navarra.es\/web\/"},{"@type":"ListItem","position":2,"name":"El Kamishibai en el colegio"}]},{"@type":"WebSite","@id":"https:\/\/cpsanjuandelacadena.educacion.navarra.es\/web\/#website","url":"https:\/\/cpsanjuandelacadena.educacion.navarra.es\/web\/","name":"CP San Juan de la Cadena - Pamplona","description":"Sitio web del CP San Juan de la Cadena","potentialAction":[{"@type":"SearchAction","target":{"@type":"EntryPoint","urlTemplate":"https:\/\/cpsanjuandelacadena.educacion.navarra.es\/web\/?s={search_term_string}"},"query-input":"required name=search_term_string"}],"inLanguage":"es"}]}},"_links":{"self":[{"href":"https:\/\/cpsanjuandelacadena.educacion.navarra.es\/web\/wp-json\/wp\/v2\/pages\/1862"}],"collection":[{"href":"https:\/\/cpsanjuandelacadena.educacion.navarra.es\/web\/wp-json\/wp\/v2\/pages"}],"about":[{"href":"https:\/\/cpsanjuandelacadena.educacion.navarra.es\/web\/wp-json\/wp\/v2\/types\/page"}],"author":[{"embeddable":true,"href":"https:\/\/cpsanjuandelacadena.educacion.navarra.es\/web\/wp-json\/wp\/v2\/users\/1"}],"replies":[{"embeddable":true,"href":"https:\/\/cpsanjuandelacadena.educacion.navarra.es\/web\/wp-json\/wp\/v2\/comments?post=1862"}],"version-history":[{"count":0,"href":"https:\/\/cpsanjuandelacadena.educacion.navarra.es\/web\/wp-json\/wp\/v2\/pages\/1862\/revisions"}],"wp:attachment":[{"href":"https:\/\/cpsanjuandelacadena.educacion.navarra.es\/web\/wp-json\/wp\/v2\/media?parent=1862"}],"curies":[{"name":"wp","href":"https:\/\/api.w.org\/{rel}","templated":true}]}}

<p>Conocido el kamishibai en 2002, se introdujo en nuestro centro como elemento lúdico, disfrute de las narraciones, pero pronto descubrimos en él su gran potencial educativo.</p>
<p>En el colegio se está trabajando el kamishibai a dos niveles:<br />
&#8211; Como una técnica más de narración oral, dirigida al alumnado tanto de Infantil como de Primaria. Lo presentan unas veces las profesoras y otras los alumnos del Taller de Kamishibai.<br />
&#8211; Como Taller de Kamishibai</p>

<p>Conocido el kamishibai en 2002, se introdujo en nuestro centro como elemento lúdico, disfrute de las narraciones, pero pronto descubrimos en él su gran potencial educativo. En el colegio se está trabajando el kamishibai a dos niveles: &#8211; Como una técnica más de narración oral, dirigida al alumnado tanto de Infantil como de Primaria. Lo [&hellip;]</p>

<!-- This site is optimized with the Yoast SEO plugin v19.13 - https://yoast.com/wordpress/plugins/seo/ -->
<title>El Kamishibai en el colegio - CP San Juan de la Cadena - Pamplona</title>
<meta name="robots" content="index, follow, max-snippet:-1, max-image-preview:large, max-video-preview:-1" />
<link rel="canonical" href="https://cpsanjuandelacadena.educacion.navarra.es/web/el-kamishibai-en-el-colegio/" />
<meta property="og:locale" content="es_ES" />
<meta property="og:type" content="article" />
<meta property="og:title" content="El Kamishibai en el colegio - CP San Juan de la Cadena - Pamplona" />
<meta property="og:description" content="Conocido el kamishibai en 2002, se introdujo en nuestro centro como elemento lúdico, disfrute de las narraciones, pero pronto descubrimos en él su gran potencial educativo. En el colegio se está trabajando el kamishibai a dos niveles: &#8211; Como una técnica más de narración oral, dirigida al alumnado tanto de Infantil como de Primaria. Lo [&hellip;]" />
<meta property="og:url" content="https://cpsanjuandelacadena.educacion.navarra.es/web/el-kamishibai-en-el-colegio/" />
<meta property="og:site_name" content="CP San Juan de la Cadena - Pamplona" />
<meta name="twitter:card" content="summary_large_image" />
<script type="application/ld+json" class="yoast-schema-graph">{"@context":"https://schema.org","@graph":[{"@type":"WebPage","@id":"https://cpsanjuandelacadena.educacion.navarra.es/web/el-kamishibai-en-el-colegio/","url":"https://cpsanjuandelacadena.educacion.navarra.es/web/el-kamishibai-en-el-colegio/","name":"El Kamishibai en el colegio - CP San Juan de la Cadena - Pamplona","isPartOf":{"@id":"https://cpsanjuandelacadena.educacion.navarra.es/web/#website"},"datePublished":"2018-10-28T21:53:25+00:00","dateModified":"2018-10-28T21:53:25+00:00","breadcrumb":{"@id":"https://cpsanjuandelacadena.educacion.navarra.es/web/el-kamishibai-en-el-colegio/#breadcrumb"},"inLanguage":"es","potentialAction":[{"@type":"ReadAction","target":["https://cpsanjuandelacadena.educacion.navarra.es/web/el-kamishibai-en-el-colegio/"]}]},{"@type":"BreadcrumbList","@id":"https://cpsanjuandelacadena.educacion.navarra.es/web/el-kamishibai-en-el-colegio/#breadcrumb","itemListElement":[{"@type":"ListItem","position":1,"name":"Home","item":"https://cpsanjuandelacadena.educacion.navarra.es/web/"},{"@type":"ListItem","position":2,"name":"El Kamishibai en el colegio"}]},{"@type":"WebSite","@id":"https://cpsanjuandelacadena.educacion.navarra.es/web/#website","url":"https://cpsanjuandelacadena.educacion.navarra.es/web/","name":"CP San Juan de la Cadena - Pamplona","description":"Sitio web del CP San Juan de la Cadena","potentialAction":[{"@type":"SearchAction","target":{"@type":"EntryPoint","urlTemplate":"https://cpsanjuandelacadena.educacion.navarra.es/web/?s={search_term_string}"},"query-input":"required name=search_term_string"}],"inLanguage":"es"}]}</script>
<!-- / Yoast SEO plugin. -->

Conocido el kamishibai en 2002, se introdujo en nuestro centro como elemento lúdico, disfrute de las narraciones, pero pronto descubrimos en él su gran potencial educativo. En el colegio se está trabajando el kamishibai a dos niveles: &#8211; Como una técnica más de narración oral, dirigida al alumnado tanto de Infantil como de Primaria. Lo [&hellip;]
