{"id":171,"date":"2011-06-06T19:45:19","date_gmt":"2011-06-06T17:45:19","guid":{"rendered":"http:\/\/cpsanjuandelacadena.educacion.navarra.es\/web\/?p=171"},"modified":"2015-02-25T20:17:46","modified_gmt":"2015-02-25T19:17:46","slug":"quienes-somos","status":"publish","type":"page","link":"https:\/\/cpsanjuandelacadena.educacion.navarra.es\/web\/quienes-somos\/","title":{"rendered":"\u00bfQui\u00e9nes somos?"},"content":{"rendered":"<p>El Colegio P\u00fablico \u00abSAN JUAN de la CADENA\u00bb de Pamplona, de Educaci\u00f3n Infantil y Primaria, comenz\u00f3 su actividad escolar en el a\u00f1o 1.984.<\/p>\n<figure id=\"attachment_254\" aria-describedby=\"caption-attachment-254\" style=\"width: 150px\" class=\"wp-caption alignright\"><a href=\"http:\/\/cpsanjuandelacadena.educacion.navarra.es\/web\/wp-content\/uploads\/2011\/06\/instalaciones_07.jpg\"><img loading=\"lazy\" class=\"size-thumbnail wp-image-254\" src=\"http:\/\/cpsanjuandelacadena.educacion.navarra.es\/web\/wp-content\/uploads\/2011\/06\/instalaciones_07-150x150.jpg\" alt=\"Edificio de Ed. Primaria\" width=\"150\" height=\"150\" \/><\/a><figcaption id=\"caption-attachment-254\" class=\"wp-caption-text\">Edificio de Ed. Primaria<\/figcaption><\/figure>\n<p>Tiene dos edificios: en la calle Monasterio de Alloz para Educaci\u00f3n Infantil y en la avenida Sancho el Fuerte de Educaci\u00f3n Primaria (separados por unos 300 metros).<br \/>\nAmbos edificios se sit\u00faan en el barrio de San Juan (unos 30.000 habitantes aproximadamente), en la zona colindante a los barrios de Iturrama, Ermitaga\u00f1a y Mendebaldea.<\/p>\n<p>Es un barrio moderno construido a partir de los a\u00f1os 60 y 70 del siglo XX, con un entorno urbano de edificios que no suelen superar las diez plantas destinadas a viviendas, con comercios y otros servicios en sus bajeras.<\/p>\n<figure id=\"attachment_265\" aria-describedby=\"caption-attachment-265\" style=\"width: 150px\" class=\"wp-caption alignleft\"><a href=\"http:\/\/cpsanjuandelacadena.educacion.navarra.es\/web\/wp-content\/uploads\/2011\/06\/instalaciones_18.jpg\"><img loading=\"lazy\" class=\"size-thumbnail wp-image-265\" src=\"http:\/\/cpsanjuandelacadena.educacion.navarra.es\/web\/wp-content\/uploads\/2011\/06\/instalaciones_18-150x150.jpg\" alt=\"Edificio de Ed. Infantil\" width=\"150\" height=\"150\" \/><\/a><figcaption id=\"caption-attachment-265\" class=\"wp-caption-text\">Edificio de Ed. Infantil<\/figcaption><\/figure>\n<p>El Colegio comparte su actividad docente con otros de los barrios de San Juan y Ermitaga\u00f1a, formando un distrito educativo con los colegios p\u00fablicos <a href=\"http:\/\/jmhuarte.educacion.navarra.es\/\" target=\"_blank\">Jos\u00e9 M\u00aa Huarte<\/a> y <a href=\"http:\/\/cpermitagana.educacion.navarra.es\/\" target=\"_blank\">Ermitaga\u00f1a<\/a>, ambos de E. Infantil y Primaria y con el instituto de <a href=\"http:\/\/www.iesnavarrovilloslada.com\/\" target=\"_blank\">Educaci\u00f3n Secundaria Navarro Villoslada<\/a>, que garantiza la continuidad escolar del barrio en la red p\u00fablica, respecto a la ESO y bachilleratos.<\/p>\n","protected":false},"excerpt":{"rendered":"<p>El Colegio P\u00fablico \u00abSAN JUAN de la CADENA\u00bb de Pamplona, de Educaci\u00f3n Infantil y Primaria, comenz\u00f3 su actividad escolar en el a\u00f1o 1.984. Tiene dos edificios: en la calle Monasterio de Alloz para Educaci\u00f3n Infantil y en la avenida Sancho el Fuerte de Educaci\u00f3n Primaria (separados por unos 300 metros). Ambos edificios se sit\u00faan en [&hellip;]<\/p>\n","protected":false},"author":1,"featured_media":0,"parent":0,"menu_order":0,"comment_status":"closed","ping_status":"closed","template":"","meta":{"_genesis_hide_title":false,"_genesis_hide_breadcrumbs":false,"_genesis_hide_singular_image":false,"_genesis_hide_footer_widgets":false,"_genesis_custom_body_class":"","_genesis_custom_post_class":"","_genesis_layout":""},"yoast_head":"<!-- This site is optimized with the Yoast SEO plugin v19.13 - https:\/\/yoast.com\/wordpress\/plugins\/seo\/ -->\n<title>\u00bfQui\u00e9nes somos? - CP San Juan de la Cadena - Pamplona<\/title>\n<meta name=\"robots\" content=\"index, follow, max-snippet:-1, max-image-preview:large, max-video-preview:-1\" \/>\n<link rel=\"canonical\" href=\"https:\/\/cpsanjuandelacadena.educacion.navarra.es\/web\/quienes-somos\/\" \/>\n<meta property=\"og:locale\" content=\"es_ES\" \/>\n<meta property=\"og:type\" content=\"article\" \/>\n<meta property=\"og:title\" content=\"\u00bfQui\u00e9nes somos? - CP San Juan de la Cadena - Pamplona\" \/>\n<meta property=\"og:description\" content=\"El Colegio P\u00fablico \u00abSAN JUAN de la CADENA\u00bb de Pamplona, de Educaci\u00f3n Infantil y Primaria, comenz\u00f3 su actividad escolar en el a\u00f1o 1.984. Tiene dos edificios: en la calle Monasterio de Alloz para Educaci\u00f3n Infantil y en la avenida Sancho el Fuerte de Educaci\u00f3n Primaria (separados por unos 300 metros). Ambos edificios se sit\u00faan en [&hellip;]\" \/>\n<meta property=\"og:url\" content=\"https:\/\/cpsanjuandelacadena.educacion.navarra.es\/web\/quienes-somos\/\" \/>\n<meta property=\"og:site_name\" content=\"CP San Juan de la Cadena - Pamplona\" \/>\n<meta property=\"article:modified_time\" content=\"2015-02-25T19:17:46+00:00\" \/>\n<meta property=\"og:image\" content=\"http:\/\/cpsanjuandelacadena.educacion.navarra.es\/web\/wp-content\/uploads\/2011\/06\/instalaciones_07-150x150.jpg\" \/>\n<meta name=\"twitter:card\" content=\"summary_large_image\" \/>\n<meta name=\"twitter:label1\" content=\"Tiempo de lectura\" \/>\n\t<meta name=\"twitter:data1\" content=\"1 minuto\" \/>\n<script type=\"application\/ld+json\" class=\"yoast-schema-graph\">{\"@context\":\"https:\/\/schema.org\",\"@graph\":[{\"@type\":\"WebPage\",\"@id\":\"https:\/\/cpsanjuandelacadena.educacion.navarra.es\/web\/quienes-somos\/\",\"url\":\"https:\/\/cpsanjuandelacadena.educacion.navarra.es\/web\/quienes-somos\/\",\"name\":\"\u00bfQui\u00e9nes somos? - CP San Juan de la Cadena - Pamplona\",\"isPartOf\":{\"@id\":\"https:\/\/cpsanjuandelacadena.educacion.navarra.es\/web\/#website\"},\"datePublished\":\"2011-06-06T17:45:19+00:00\",\"dateModified\":\"2015-02-25T19:17:46+00:00\",\"breadcrumb\":{\"@id\":\"https:\/\/cpsanjuandelacadena.educacion.navarra.es\/web\/quienes-somos\/#breadcrumb\"},\"inLanguage\":\"es\",\"potentialAction\":[{\"@type\":\"ReadAction\",\"target\":[\"https:\/\/cpsanjuandelacadena.educacion.navarra.es\/web\/quienes-somos\/\"]}]},{\"@type\":\"BreadcrumbList\",\"@id\":\"https:\/\/cpsanjuandelacadena.educacion.navarra.es\/web\/quienes-somos\/#breadcrumb\",\"itemListElement\":[{\"@type\":\"ListItem\",\"position\":1,\"name\":\"Home\",\"item\":\"https:\/\/cpsanjuandelacadena.educacion.navarra.es\/web\/\"},{\"@type\":\"ListItem\",\"position\":2,\"name\":\"\u00bfQui\u00e9nes somos?\"}]},{\"@type\":\"WebSite\",\"@id\":\"https:\/\/cpsanjuandelacadena.educacion.navarra.es\/web\/#website\",\"url\":\"https:\/\/cpsanjuandelacadena.educacion.navarra.es\/web\/\",\"name\":\"CP San Juan de la Cadena - Pamplona\",\"description\":\"Sitio web del CP San Juan de la Cadena\",\"potentialAction\":[{\"@type\":\"SearchAction\",\"target\":{\"@type\":\"EntryPoint\",\"urlTemplate\":\"https:\/\/cpsanjuandelacadena.educacion.navarra.es\/web\/?s={search_term_string}\"},\"query-input\":\"required name=search_term_string\"}],\"inLanguage\":\"es\"}]}<\/script>\n<!-- \/ Yoast SEO plugin. -->","yoast_head_json":{"title":"\u00bfQui\u00e9nes somos? - CP San Juan de la Cadena - Pamplona","robots":{"index":"index","follow":"follow","max-snippet":"max-snippet:-1","max-image-preview":"max-image-preview:large","max-video-preview":"max-video-preview:-1"},"canonical":"https:\/\/cpsanjuandelacadena.educacion.navarra.es\/web\/quienes-somos\/","og_locale":"es_ES","og_type":"article","og_title":"\u00bfQui\u00e9nes somos? - CP San Juan de la Cadena - Pamplona","og_description":"El Colegio P\u00fablico \u00abSAN JUAN de la CADENA\u00bb de Pamplona, de Educaci\u00f3n Infantil y Primaria, comenz\u00f3 su actividad escolar en el a\u00f1o 1.984. Tiene dos edificios: en la calle Monasterio de Alloz para Educaci\u00f3n Infantil y en la avenida Sancho el Fuerte de Educaci\u00f3n Primaria (separados por unos 300 metros). Ambos edificios se sit\u00faan en [&hellip;]","og_url":"https:\/\/cpsanjuandelacadena.educacion.navarra.es\/web\/quienes-somos\/","og_site_name":"CP San Juan de la Cadena - Pamplona","article_modified_time":"2015-02-25T19:17:46+00:00","og_image":[{"url":"http:\/\/cpsanjuandelacadena.educacion.navarra.es\/web\/wp-content\/uploads\/2011\/06\/instalaciones_07-150x150.jpg"}],"twitter_card":"summary_large_image","twitter_misc":{"Tiempo de lectura":"1 minuto"},"schema":{"@context":"https:\/\/schema.org","@graph":[{"@type":"WebPage","@id":"https:\/\/cpsanjuandelacadena.educacion.navarra.es\/web\/quienes-somos\/","url":"https:\/\/cpsanjuandelacadena.educacion.navarra.es\/web\/quienes-somos\/","name":"\u00bfQui\u00e9nes somos? - CP San Juan de la Cadena - Pamplona","isPartOf":{"@id":"https:\/\/cpsanjuandelacadena.educacion.navarra.es\/web\/#website"},"datePublished":"2011-06-06T17:45:19+00:00","dateModified":"2015-02-25T19:17:46+00:00","breadcrumb":{"@id":"https:\/\/cpsanjuandelacadena.educacion.navarra.es\/web\/quienes-somos\/#breadcrumb"},"inLanguage":"es","potentialAction":[{"@type":"ReadAction","target":["https:\/\/cpsanjuandelacadena.educacion.navarra.es\/web\/quienes-somos\/"]}]},{"@type":"BreadcrumbList","@id":"https:\/\/cpsanjuandelacadena.educacion.navarra.es\/web\/quienes-somos\/#breadcrumb","itemListElement":[{"@type":"ListItem","position":1,"name":"Home","item":"https:\/\/cpsanjuandelacadena.educacion.navarra.es\/web\/"},{"@type":"ListItem","position":2,"name":"\u00bfQui\u00e9nes somos?"}]},{"@type":"WebSite","@id":"https:\/\/cpsanjuandelacadena.educacion.navarra.es\/web\/#website","url":"https:\/\/cpsanjuandelacadena.educacion.navarra.es\/web\/","name":"CP San Juan de la Cadena - Pamplona","description":"Sitio web del CP San Juan de la Cadena","potentialAction":[{"@type":"SearchAction","target":{"@type":"EntryPoint","urlTemplate":"https:\/\/cpsanjuandelacadena.educacion.navarra.es\/web\/?s={search_term_string}"},"query-input":"required name=search_term_string"}],"inLanguage":"es"}]}},"_links":{"self":[{"href":"https:\/\/cpsanjuandelacadena.educacion.navarra.es\/web\/wp-json\/wp\/v2\/pages\/171"}],"collection":[{"href":"https:\/\/cpsanjuandelacadena.educacion.navarra.es\/web\/wp-json\/wp\/v2\/pages"}],"about":[{"href":"https:\/\/cpsanjuandelacadena.educacion.navarra.es\/web\/wp-json\/wp\/v2\/types\/page"}],"author":[{"embeddable":true,"href":"https:\/\/cpsanjuandelacadena.educacion.navarra.es\/web\/wp-json\/wp\/v2\/users\/1"}],"replies":[{"embeddable":true,"href":"https:\/\/cpsanjuandelacadena.educacion.navarra.es\/web\/wp-json\/wp\/v2\/comments?post=171"}],"version-history":[{"count":0,"href":"https:\/\/cpsanjuandelacadena.educacion.navarra.es\/web\/wp-json\/wp\/v2\/pages\/171\/revisions"}],"wp:attachment":[{"href":"https:\/\/cpsanjuandelacadena.educacion.navarra.es\/web\/wp-json\/wp\/v2\/media?parent=171"}],"curies":[{"name":"wp","href":"https:\/\/api.w.org\/{rel}","templated":true}]}}