{"id":169,"date":"2012-05-05T12:01:17","date_gmt":"2012-05-05T12:01:17","guid":{"rendered":"http:\/\/cpsanjuandelacadena.educacion.navarra.es\/blogs\/revista\/?page_id=169"},"modified":"2017-05-24T09:51:49","modified_gmt":"2017-05-24T09:51:49","slug":"redaccion","status":"publish","type":"page","link":"https:\/\/cpsanjuandelacadena.educacion.navarra.es\/blogs\/revista\/redaccion\/","title":{"rendered":"Redacci\u00f3n"},"content":{"rendered":"<p><span style=\"text-decoration: underline;\"><em>Revista n\u00ba 77<\/em><\/span><\/p>\n<p>Redactores: Irene G\u00f3mez, Jone Fagoaga, Ester Mustafova, Alba Torres, In\u00e9s Casado, Aimar Luque, Be\u00f1at Astr\u00e1in, Jean Paul Barberi, Pablo Cenzano, Daniel Arilla, Lorena Beitia, Leyre Gonz\u00e1lez, Julia Farizo, Beatriz Us\u00f3z, Hao Xiao Yang y Ronald Beitia<\/p>\n<p>Dibujo portada: Hao Xiao Yang<\/p>\n<p>Coordinadores: Miguel Zafra, Javier Zozaya<\/p>\n<p><span style=\"text-decoration: underline;\"><em>Revista n\u00ba 76<\/em><\/span><\/p>\n<p>Redactores: Julia Farizo Fern\u00e1dez, Marti Kamenov, Iranzu Andueza Nuin, Leyre Gonz\u00e1lez Lacosta, Beatriz Usoz Zabaleta, Xabier Mart\u00ednez Iglesias, Sara Zamora Oqui\u00f1ena, Esther Tu\u00f1\u00f3n Gonz\u00e1lez, Alexandra Ans\u00f3 Mu\u00f1oz y Luc\u00eda Moreno Ferreira<\/p>\n<p>Dibujo portada: Beatriz Usoz<\/p>\n<p>Coordinadores: Miguel Zafra, Javier Zozaya<\/p>\n<p><span style=\"text-decoration: underline;\"><em>Revista n\u00ba 75<\/em><\/span><\/p>\n<p>Redactores:\u00a0Sof\u00eda Ord\u00f3\u00f1ez, Laura Cruz, Andrea Arilla, Lola Ara, Esther Tu\u00f1\u00f3n, Alaitz Azcona, Yona Dom\u00ednguez, Arantxa Andueza, Luc\u00eda Ormart, Isabel de Carlos, Idoia Sola, Amaia Mart\u00ednez, Mitsuki Chimura y Carmen Barra<\/p>\n<p>Dibujos portada y contraportada: Idoia Sola y Jean Paul Barberi<\/p>\n<p>Coordinadores: Miguel Zafra, Javier Zozaya<\/p>\n<p><span style=\"text-decoration: underline;\"><em>Revista n\u00ba 74<\/em><\/span><\/p>\n<p>Redactores: Arantxa Andueza, Isabel de Carlos, Luc\u00eda Ormart, Aitana Munta\u00f1ola, Idoia Sola, Leire Arregui, I\u00f1aki Huesa, Ainhoa Andueza, Paula San Mart\u00edn, Andrea P\u00e9rez, Enide D\u00edaz, Luc\u00eda Zabal, Leire San Francisco<\/p>\n<p>Dibujos portada y contraportada: Amaia Mart\u00ednez y Sara Salman<\/p>\n<p>Coordinadores: Miguel Zafra, Javier Zozaya<\/p>\n<p><span style=\"text-decoration: underline;\"><em>Revista n\u00ba 73<\/em><\/span><\/p>\n<p>Redactores: Ainhoa Andueza, Paula San Mart\u00edn, Andrea P\u00e9rez, Enide D\u00edaz, Thalia Cepero, Miguel Equiza, Luc\u00eda Zabal, Munni Puig, Miriam Sada, Leire San Francisco, Erika Macancela, Beatriz Medina, Marta Equiza, Rui Nuno<\/p>\n<p>Coordinadores: Miguel Zafra, Javier Zozaya<\/p>\n<p><span style=\"text-decoration: underline;\"><em>Revista n\u00ba 72<\/em><\/span><\/p>\n<p>Redactores: David Sada, Javier Nubla, Alonso Olano, Isabel Saenz, Marina Alberdi, Uxue Altuna, Aldo Armendariz, Juan Saenz, Lizar del Llano, Teresa Zabal, Uxue Sarobe, Leire Ceballos, Alba Vergara, Nazaret Go\u00f1i, Mishell Nogales, Samer Salman, Vicky G\u00f3mez, Aldana Olano<\/p>\n<p>Coordinadores: Miguel Zafra, Nati Iraizoz\u00a0\u00a0y Javier Zozaya<\/p>\n<p>&nbsp;<\/p>\n<p>CP San Juan de la Cadena<\/p>\n<p>Avda. Sancho el Fuerte, 75 \u00a0 31008 Pamplona<\/p>\n<p>Tfno.: 948 172342<\/p>\n<p><a href=\"mailto:cpsanjua@educacion.navarra.es\" target=\"_blank\" rel=\"noopener noreferrer\">cpsanjua@educacion.navarra.es<\/a><\/p>\n<p><a href=\"http:\/\/cpsanjuandelacadena.educacion.navarra.es\" target=\"_blank\" rel=\"noopener noreferrer\">http:\/\/cpsanjuandelacadena.educacion.navarra.es<\/a><\/p>\n<p>&nbsp;<\/p>\n<p><em><br \/>\n<\/em><\/p>\n","protected":false},"excerpt":{"rendered":"<p>Revista n\u00ba 77 Redactores: Irene G\u00f3mez, Jone Fagoaga, Ester Mustafova, Alba Torres, In\u00e9s Casado, Aimar Luque, Be\u00f1at Astr\u00e1in, Jean Paul Barberi, Pablo Cenzano, Daniel Arilla, Lorena Beitia, Leyre Gonz\u00e1lez, Julia [&hellip;]<\/p>\n","protected":false},"author":2,"featured_media":0,"parent":0,"menu_order":0,"comment_status":"open","ping_status":"open","template":"","meta":{"_links_to":"","_links_to_target":""},"_links":{"self":[{"href":"https:\/\/cpsanjuandelacadena.educacion.navarra.es\/blogs\/revista\/wp-json\/wp\/v2\/pages\/169"}],"collection":[{"href":"https:\/\/cpsanjuandelacadena.educacion.navarra.es\/blogs\/revista\/wp-json\/wp\/v2\/pages"}],"about":[{"href":"https:\/\/cpsanjuandelacadena.educacion.navarra.es\/blogs\/revista\/wp-json\/wp\/v2\/types\/page"}],"author":[{"embeddable":true,"href":"https:\/\/cpsanjuandelacadena.educacion.navarra.es\/blogs\/revista\/wp-json\/wp\/v2\/users\/2"}],"replies":[{"embeddable":true,"href":"https:\/\/cpsanjuandelacadena.educacion.navarra.es\/blogs\/revista\/wp-json\/wp\/v2\/comments?post=169"}],"version-history":[{"count":0,"href":"https:\/\/cpsanjuandelacadena.educacion.navarra.es\/blogs\/revista\/wp-json\/wp\/v2\/pages\/169\/revisions"}],"wp:attachment":[{"href":"https:\/\/cpsanjuandelacadena.educacion.navarra.es\/blogs\/revista\/wp-json\/wp\/v2\/media?parent=169"}],"curies":[{"name":"wp","href":"https:\/\/api.w.org\/{rel}","templated":true}]}}