{"id":2,"date":"2018-02-21T09:51:06","date_gmt":"2018-02-21T09:51:06","guid":{"rendered":"http:\/\/cpsanjuandelacadena.educacion.navarra.es\/blogs\/proyectojaponsjcadena\/?page_id=2"},"modified":"2018-06-15T13:15:44","modified_gmt":"2018-06-15T13:15:44","slug":"pagina-ejemplo","status":"publish","type":"page","link":"https:\/\/cpsanjuandelacadena.educacion.navarra.es\/blogs\/proyectojaponsjcadena\/","title":{"rendered":"Proyecto: Conocemos y difundimos la cultura de Jap\u00f3n"},"content":{"rendered":"<p><img loading=\"lazy\" class=\"size-full wp-image-74 alignright\" src=\"https:\/\/cpsanjuandelacadena.educacion.navarra.es\/blogs\/proyectojaponsjcadena\/files\/2018\/06\/logo_150_anversario-e1528563586468.jpg\" alt=\"\" width=\"100\" height=\"100\" \/><\/p>\n<p>&nbsp;<\/p>\n<p>&nbsp;<\/p>\n<p style=\"text-align: left;\"><img loading=\"lazy\" class=\"alignnone size-full wp-image-56\" src=\"https:\/\/cpsanjuandelacadena.educacion.navarra.es\/blogs\/proyectojaponsjcadena\/files\/2018\/03\/bandera-de-Jap\u00f3n_2-e1529068204985.png\" alt=\"\" width=\"150\" height=\"101\" \/><img loading=\"lazy\" class=\"alignnone size-full wp-image-88\" src=\"https:\/\/cpsanjuandelacadena.educacion.navarra.es\/blogs\/proyectojaponsjcadena\/files\/2018\/06\/Kanjis-Jap\u00f3n-e1529068532335.jpg\" alt=\"\" width=\"150\" height=\"84\" \/><\/p>\n<p>Este curso 2017-2018 hemos desarrollado en el colegio un proyecto transversal dirigido a todos los niveles escolares de Infantil y de Primaria. Se ha realizado a lo largo de todo el curso implicando en \u00e9l a toda la Comunidad Escolar.<\/p>\n<p><strong>Finalidad:<\/strong> Acercar la cultura japonesa a la comunidad de nuestro colegio.<\/p>\n<p style=\"text-align: left;\"><strong>Objetivos:<\/strong><\/p>\n<p style=\"text-align: left;\"><strong><img loading=\"lazy\" class=\"wp-image-26 alignright\" src=\"https:\/\/cpsanjuandelacadena.educacion.navarra.es\/blogs\/proyectojaponsjcadena\/files\/2018\/02\/momotaro-300x209.jpg\" alt=\"\" width=\"198\" height=\"138\" \/><\/strong><\/p>\n<p style=\"text-align: left;\">\u2022 Conocer Jap\u00f3n y su cultura; fiestas y tradiciones.<br \/>\n\u2022 Practicar y disfrutar de t\u00e9cnicas tradicionales de Jap\u00f3n: origami, haiku \u2013poes\u00eda-, shodo -caligraf\u00eda japonesa-, kamishibai: creaci\u00f3n e interpretaci\u00f3n; hanko, hacer sellos\/tampones personalizados \/ y estampar.<br \/>\n\u2022 Fomentar en nuestro alumnado su apertura y deseo de conocer otras culturas.<br \/>\n\u2022 Conocer cuentos y leyendas tradicionales de Jap\u00f3n.<\/p>\n<p style=\"text-align: left;\"><strong>El proyecto se ha llevado a cabo en dos fases:<\/strong><\/p>\n<p style=\"text-align: left;\">1\u00aa fase del 28 de noviembre al 22 de febrero: <em>Cultura y t\u00e9cnicas tradicionales de Jap\u00f3n.<\/em><\/p>\n<p>2\u00aa fase del 5 de marzo al 27 de abril: <em>Cuentos tradicionales de Jap\u00f3n.<\/em><\/p>\n<p style=\"text-align: left;\"><strong>\u00bfQu\u00e9 hemos hecho?:\u00a0 \u00a0 \u00a0 \u00a0 \u00a0 \u00a0 \u00a0 \u00a0 \u00a0 \u00a0 \u00a0 \u00a0 \u00a0 \u00a0 \u00a0 \u00a0 \u00a0 \u00a0 \u00a0 \u00a0 \u00a0 \u00a0 \u00a0 \u00a0 \u00a0 \u00a0 \u00a0 \u00a0 \u00a0 \u00a0 \u00a0 \u00a0 \u00a0 \u00a0 \u00a0 \u00a0 \u00a0 \u00a0 \u00a0 \u00a0 \u00a0 \u00a0 \u00a0 \u00a0 \u00a0 \u00a0 \u00a0 \u00a0 \u00a0 \u00a0 \u00a0 \u00a0 \u00a0 \u00a0 \u00a0 \u00a0 \u00a0 \u00a0 \u00a0 \u00a0 \u00a0 \u00a0 \u00a0\u00a0<\/strong><\/p>\n<p>&#8211; Presentaciones audiovisuales sobre Jap\u00f3n y su cultura.<br \/>\n&#8211; Actividades en las que se aplique lo aprendido sobre la cultura de Jap\u00f3n.<br \/>\n&#8211; Talleres de las t\u00e9cnicas citadas anteriormente.<br \/>\n&#8211; Interpretaciones de kamishibais.<br \/>\n&#8211; Lectura de cuentos tradicionales de Jap\u00f3n.<br \/>\n&#8211; Durante la Semana Cultural, del 23 al 27 de abril, se mont\u00f3 un exposici\u00f3n de los trabajos realizados y se celebr\u00f3 el\u00a0Concurso Literario del colegio, que esta edici\u00f3n vers\u00f3 sobre tem\u00e1tica japonesa.<\/p>\n<p><strong>Responsables del proyecto:<\/strong><br \/>\nHay una comisi\u00f3n formada por ex-profesoras y madres del colegio que planific\u00f3, prepar\u00f3 las actividades, las puso en pr\u00e1ctica e hizo el seguimiento del proyecto. Se realiz\u00f3 bajo la direcci\u00f3n del Equipo Directivo y el apoyo del profesorado.<br \/>\nLos talleres de t\u00e9cnicas japonesas se han desarrollado con la colaboraci\u00f3n de varias madres japonesas del colegio as\u00ed como con expertos de dicha cultura, como Mart\u00edn Azcarate para el Haiku y Mar\u00eda Rubio, conocedora de la cultura de Jap\u00f3n, que trabaja en el Ayuntamiento de Yamaguchi.<\/p>\n<p>Este proyecto ha sido presentado y aprobado en la Embajada de Jap\u00f3n en Madrid como Evento Conmemorativo del 150 Aniversario del establecimiento de las relaciones diplom\u00e1ticas entre Espa\u00f1a y Jap\u00f3n.<\/p>\n<p>&nbsp;<\/p>\n<p><img loading=\"lazy\" class=\"size-medium wp-image-66 aligncenter\" src=\"https:\/\/cpsanjuandelacadena.educacion.navarra.es\/blogs\/proyectojaponsjcadena\/files\/2018\/03\/JaponMonteFuji2-300x225.jpg\" alt=\"\" width=\"300\" height=\"225\" srcset=\"https:\/\/cpsanjuandelacadena.educacion.navarra.es\/blogs\/proyectojaponsjcadena\/files\/2018\/03\/JaponMonteFuji2-300x225.jpg 300w, https:\/\/cpsanjuandelacadena.educacion.navarra.es\/blogs\/proyectojaponsjcadena\/files\/2018\/03\/JaponMonteFuji2.jpg 640w\" sizes=\"(max-width: 300px) 100vw, 300px\" \/><\/p>\n<p style=\"text-align: center;\"><a href=\"https:\/\/cpsanjuandelacadena.educacion.navarra.es\/blogs\/proyectojaponsjcadena\/files\/2018\/06\/Proyecto-Cultura-de-Jap\u00f3n-12-6-18.pdf\">Memoria Proyecto \u00abConocemos y difundimos la cultura de Jap\u00f3n\u00bb<\/a><\/p>\n","protected":false},"excerpt":{"rendered":"<p>&nbsp; &nbsp; Este curso 2017-2018 hemos desarrollado en el colegio un proyecto transversal dirigido a todos los niveles escolares de Infantil y de Primaria. Se ha realizado a lo largo de todo el curso implicando en \u00e9l a toda la Comunidad Escolar. Finalidad: Acercar la cultura japonesa a la comunidad de nuestro colegio. Objetivos: \u2022 &hellip; <\/p>\n<p class=\"link-more\"><a href=\"https:\/\/cpsanjuandelacadena.educacion.navarra.es\/blogs\/proyectojaponsjcadena\/\" class=\"more-link\">Continuar leyendo<span class=\"screen-reader-text\"> \u00abProyecto: Conocemos y difundimos la cultura de Jap\u00f3n\u00bb<\/span><\/a><\/p>\n","protected":false},"author":5,"featured_media":0,"parent":0,"menu_order":0,"comment_status":"closed","ping_status":"open","template":"","meta":{"_links_to":"","_links_to_target":""},"_links":{"self":[{"href":"https:\/\/cpsanjuandelacadena.educacion.navarra.es\/blogs\/proyectojaponsjcadena\/wp-json\/wp\/v2\/pages\/2"}],"collection":[{"href":"https:\/\/cpsanjuandelacadena.educacion.navarra.es\/blogs\/proyectojaponsjcadena\/wp-json\/wp\/v2\/pages"}],"about":[{"href":"https:\/\/cpsanjuandelacadena.educacion.navarra.es\/blogs\/proyectojaponsjcadena\/wp-json\/wp\/v2\/types\/page"}],"author":[{"embeddable":true,"href":"https:\/\/cpsanjuandelacadena.educacion.navarra.es\/blogs\/proyectojaponsjcadena\/wp-json\/wp\/v2\/users\/5"}],"replies":[{"embeddable":true,"href":"https:\/\/cpsanjuandelacadena.educacion.navarra.es\/blogs\/proyectojaponsjcadena\/wp-json\/wp\/v2\/comments?post=2"}],"version-history":[{"count":0,"href":"https:\/\/cpsanjuandelacadena.educacion.navarra.es\/blogs\/proyectojaponsjcadena\/wp-json\/wp\/v2\/pages\/2\/revisions"}],"wp:attachment":[{"href":"https:\/\/cpsanjuandelacadena.educacion.navarra.es\/blogs\/proyectojaponsjcadena\/wp-json\/wp\/v2\/media?parent=2"}],"curies":[{"name":"wp","href":"https:\/\/api.w.org\/{rel}","templated":true}]}}